 base 3, what is 20100120120011 - -1?
20100120120012
In base 8, what is -22024 + 12155?
-7647
In base 8, what is 1 - 316577?
-316576
In base 10, what is -18657 + 123?
-18534
In base 15, what is 83 - 42e5?
-4262
In base 2, what is 1110110000010001111 + 111101?
1110110000011001100
In base 15, what is 82eb + -76?
8275
In base 15, what is -29 + 39a065?
39a03b
In base 12, what is -171 + 22a54?
228a3
In base 10, what is 2 - 133028267?
-133028265
In base 3, what is 12 - 201202100211100112?
-201202100211100100
In base 2, what is 11110110011110110101011 - -11?
11110110011110110101110
In base 14, what is -a9913 + -a?
-a991d
In base 6, what is 142102 + -1231?
140431
In base 10, what is 5 - 1218759?
-1218754
In base 10, what is -410 + -119865?
-120275
In base 6, what is -31 + -20102312?
-20102343
In base 3, what is -201110001202222101 - 2?
-201110001202222110
In base 4, what is 101201313 - 2020133?
33121120
In base 7, what is -5145 - 510204?
-515352
In base 6, what is 234243310 - -250?
234244000
In base 11, what is -188 + -2a450?
-2a628
In base 5, what is -10 - -1021142133?
1021142123
In base 6, what is 220 + -1431531?
-1431311
In base 6, what is -2044014220 + 4?
-2044014212
In base 13, what is -63018 + -1496?
-644b1
In base 12, what is 3 - -15a440b?
15a4412
In base 9, what is 2016157 - -31?
2016188
In base 15, what is d41793 + -3?
d41790
In base 10, what is -11483 + -359?
-11842
In base 2, what is 11000000101101 - -1100101010?
11001101010111
In base 10, what is -6237632 - -7?
-6237625
In base 7, what is -5103612 - -1303?
-5102306
In base 7, what is 1151 - 641434?
-640253
In base 12, what is 975 - 1668?
-8b3
In base 6, what is 4215 + -2112021?
-2103402
In base 5, what is 1302 + -114132411?
-114131104
In base 8, what is -10657 + 104077?
73220
In base 2, what is -101000111011011110101001 + 10?
-101000111011011110100111
In base 14, what is -32861cc - 0?
-32861cc
In base 12, what is -2 + -878630?
-878632
In base 8, what is -1056 + -263264?
-264342
In base 11, what is 154170183 + 1?
154170184
In base 8, what is -514711 + 354?
-514335
In base 12, what is -3a0531 - -45?
-3a04a8
In base 13, what is -8435a6 + -b1?
-843687
In base 5, what is -10 + -13313244112?
-13313244122
In base 10, what is 779686 + 221?
779907
In base 4, what is 2 - 20033121013?
-20033121011
In base 8, what is -3 - 115233333?
-115233336
In base 5, what is -1040 - -113440030?
113433440
In base 2, what is -11 - 1001010001101011101?
-1001010001101100000
In base 2, what is -100100001110000001110111110 + 1011?
-100100001110000001110110011
In base 2, what is 1011111001011001 + -1011010010000?
1010011111001001
In base 16, what is 55 + 85235?
8528a
In base 16, what is 5f - -18a8b3?
18a912
In base 13, what is 1ab97b3 + 12?
1ab97c5
In base 9, what is -12 - 11316466?
-11316478
In base 3, what is -111112000021012112 + -100?
-111112000021012212
In base 3, what is -12212022112021 + 122?
-12212022111122
In base 12, what is -51 + -35100?
-35151
In base 3, what is -110202001 - 1020211012?
-1201120020
In base 4, what is -20301220111300 + -1?
-20301220111301
In base 7, what is 1 - 14553331?
-14553330
In base 11, what is -1568273 - 5?
-1568278
In base 12, what is -1a5 - 2740a?
-275b3
In base 11, what is -237635 - -862?
-236883
In base 12, what is 1472 - 11b72?
-10700
In base 13, what is -454a753 + -4?
-454a757
In base 16, what is -4 + 1354fa4?
1354fa0
In base 3, what is 2012111122 + -1000?
2012110122
In base 2, what is 11 + 111000100110000010011101010?
111000100110000010011101101
In base 9, what is 107346717 - 13?
107346704
In base 8, what is -1570703 - -36?
-1570645
In base 4, what is 3033022101110 + -1?
3033022101103
In base 2, what is -101110001100110100111110011 - 1011?
-101110001100110100111111110
In base 6, what is -533041103 - -1?
-533041102
In base 12, what is 8796 - -494?
906a
In base 3, what is 1121 - 221000220210?
-221000212012
In base 4, what is 1300223012303 + 3?
1300223012312
In base 12, what is -9b660a25 - -4?
-9b660a21
In base 14, what is -5 + -dd70b?
-dd712
In base 7, what is -11550432 - 204?
-11550636
In base 11, what is 4 + 17604945?
17604949
In base 8, what is 204643 - -216?
205061
In base 5, what is -4 + -411420411?
-411420420
In base 6, what is 22530 + 1003100?
1030030
In base 2, what is 101 + -110011010010111101100111?
-110011010010111101100010
In base 4, what is -3312010233 + 12?
-3312010221
In base 2, what is 10000111100010110100 - -10100?
10000111100011001000
In base 11, what is -3307955 + -10?
-3307965
In base 2, what is 11010111 - 1100001101001111?
-1100001001111000
In base 2, what is -1001 - 10100011010000111111100?
-10100011010001000000101
In base 11, what is -12aa333 - -3?
-12aa330
In base 4, what is 2003023100211 + -100?
2003023100111
In base 6, what is -240 + -205034244?
-205034524
In base 7, what is -103510513 + 144?
-103510336
In base 10, what is 0 + 1560754?
1560754
In base 15, what is 90e47 - -1a4?
910eb
In base 10, what is 226 - -30154?
30380
In base 10, what is -3317 + 44104?
40787
In base 5, what is 23440434 + 1020?
23442004
In base 13, what is -ac + -a116?
-a1c5
In base 2, what is 10101110101000001001 - -101001?
10101110101000110010
In base 5, what is -1110 - 433013?
-434123
In base 11, what is -438a06 + 124?
-438892
In base 15, what is -185b96a - -3?
-185b967
In base 4, what is 23 + -20201032230?
-20201032201
In base 7, what is 34531153 - 3?
34531150
In base 13, what is 18 + 118b74?
118b8c
In base 12, what is -3b298 - 132?
-3b40a
In base 13, what is -b11560 + 16?
-b11547
In base 9, what is -2 - -104046518?
104046516
In base 15, what is -28 - 18869a?
-1886c3
In base 8, what is 443624 + 36?
443662
In base 4, what is -132131012 + 20000?
-132111012
In base 5, what is -4 - 104344331433?
-104344331442
In base 15, what is 68d09 - 4b?
68cad
In base 8, what is -517 + -5625426?
-5626145
In base 5, what is 104 - -21404441?
21410100
In base 14, what is -7db22 - 84?
-7dba6
In base 4, what is 10123013210330 + 1?
10123013210331
In base 4, what is 2 + -1101101130020?
-1101101130012
In base 12, what is 236261 - -5?
236266
In base 3, what is 1111001122022221 + 10?
1111001122100001
In base 4, what is 2211010212002 - 33?
2211010211303
In base 7, what is 50661 - -16436?
100430
In base 4, what is 33111 + 20112201?
20211312
In base 14, what is -124acd + 4?
-124ac9
In base 5, what is -12120323 - 1341?
-12122214
In base 11, what is -941 - 37231?
-38072
In base 4, what is 311 - 11103201310?
-11103200333
In base 10, what is 12038922 + 4?
12038926
In base 11, what is -2959262 - 5?
-2959267
In base 8, what is -12073567 - 6?
-12073575
In base 14, what is -1a69b6 + -3?
-1a69b9
In base 9, what is -12055332 + 5?
-12055326
In base 2, what is 11010001001110 - 101110110?
11001011011000
In base 7, what is 656050423 - 4?
656050416
In base 3, what is -2022 + 101011120021?
101011110222
In base 12, what is 145 + -288b78?
-288a33
In base 12, what is -5 + 357157?
357152
In base 14, what is -3 + -1c6ac6a?
-1c6ac6d
In base 6, what is 1054 - 534213?
-533115
In base 5, what is -22034 + 433040?
411001
In base 9, what is -8324 + -406?
-8731
In base 8, what is 20535417 - -12?
20535431
In base 10, what is 39598 + 73?
39671
In base 11, what is -521 - 49029?
-4954a
In base 12, what is 4 - -39b41800?
39b41804
In base 16, what is -c - -9ca8f7?
9ca8eb
In base 13, what is 2 + 3771165?
3771167
In base 10, what is 1 + 186453668?
186453669
In base 8, what is 1 + 6204765?
6204766
In base 6, what is -3520345 - 4142?
-3524531
In base 7, what is -20616543220 + 4?
-20616543213
In base 10, what is 27481349 + -16?
27481333
In base 6, what is -22334553442 + 0?
-22334553442
In base 16, what is 100 + -1d7c?
-1c7c
In base 10, what is 16423 + 9616?
26039
In base 2, what is -110001 + -101100001110010011010?
-101100001110011001011
In base 3, what is 1222021222212 + -1020022?
1222020202120
In base 12, what is -b13ba + -1a?
-b1418
In base 5, what is -10 + -1314240424?
-1314240434
In base 2, what is -10100011100101111 + 110100100001?
-10011101000001110
In base 3, what is 100 + 22110101011000?
22110101011100
In base 10, what is 3 + 4457119?
4457122
In base 13, what is 3 - -14b5734?
14b5737
In base 10, what is -1425073 - 4?
-1425077
In base 2, what is -1111100011100001 - 1111100?
-1111100101011101
In base 7, what is 54225 - -25256?
112514
In bas